 to base 9.
-11544
What is -1d32 (base 14) in base 16?
-14d8
What is 4519 (base 15) in base 6?
151453
5ac (base 14) to base 3
1112221
What is -221111002 (base 3) in base 7?
-105110
What is -367 (base 10) in base 15?
-197
Convert -3333 (base 6) to base 16.
-309
503 (base 9) to base 10
408
Convert -7701 (base 9) to base 6.
-42131
Convert cd5 (base 15) to base 8.
5524
4664 (base 7) to base 10
1712
What is -2173 (base 11) in base 3?
-10221001
-1001011011 (base 2) to base 15
-2a3
What is 1b5a (base 13) in base 7?
15021
-101010200 (base 3) to base 5
-214024
Convert -251 (base 9) to base 11.
-17a
32203 (base 5) to base 14
b18
Convert 2011020000 (base 3) to base 14.
1167a
Convert -2a3a (base 16) to base 14.
-3d22
-1471 (base 14) to base 12
-2123
What is -1768 (base 12) in base 2?
-101100000000
Convert 4080 (base 11) to base 10.
5412
63 (base 9) to base 6
133
What is -33a (base 12) in base 11?
-3a5
Convert -775 (base 14) to base 11.
-1121
12320 (base 4) to base 13
27b
Convert -103 (base 5) to base 16.
-1c
101001 (base 3) to base 15
131
What is 10012 (base 4) in base 11?
219
What is 11042 (base 5) in base 3?
1001121
2344430 (base 5) to base 14
11d24
Convert 1503 (base 7) to base 15.
296
9840 (base 10) to base 2
10011001110000
121 (base 10) to base 15
81
What is 484 (base 16) in base 4?
102010
Convert -3a1a (base 14) to base 6.
-115144
57 (base 8) to base 5
142
What is -321232 (base 5) in base 11?
-8144
-314 (base 14) to base 3
-211110
Convert 654 (base 7) to base 14.
19b
What is -6688 (base 13) in base 12?
-8344
Convert 101 (base 12) to base 16.
91
-9e2d (base 16) to base 10
-40493
-84c (base 13) to base 6
-10320
Convert -260d (base 16) to base 2.
-10011000001101
Convert 4244 (base 5) to base 15.
284
Convert -340302 (base 5) to base 2.
-10111010110000
Convert 54673 (base 10) to base 3.
2202222221
Convert 2a9 (base 14) to base 6.
2301
What is 10244 (base 6) in base 3?
1220201
22321 (base 4) to base 5
10242
What is 12433 (base 7) in base 10?
3307
What is 22233 (base 5) in base 7?
4400
Convert -117 (base 15) to base 8.
-367
What is -210000 (base 3) in base 11?
-476
What is 564a (base 12) in base 15?
2c77
-1220122 (base 3) to base 7
-4031
What is -1011110100100 (base 2) in base 12?
-3604
Convert -14045 (base 6) to base 2.
-100010001101
Convert 1000010110 (base 2) to base 12.
386
What is -3cab (base 14) in base 8?
-24757
Convert -282a (base 16) to base 15.
-30a7
Convert -be44 (base 16) to base 11.
-33660
15c0 (base 16) to base 8
12700
-15345 (base 10) to base 9
-23040
Convert -10324 (base 6) to base 5.
-21140
Convert 1111101010011011 (base 2) to base 6.
1213003
Convert -299 (base 15) to base 2.
-1001010010
Convert 4929 (base 13) to base 6.
115520
-11100000010111 (base 2) to base 13
-66c7
Convert aecf (base 16) to base 9.
67343
Convert 121213 (base 6) to base 16.
29a9
Convert -1315 (base 12) to base 7.
-6230
Convert -102222 (base 3) to base 10.
-323
17ca (base 14) to base 15
1414
What is -21222 (base 3) in base 13?
-137
What is -2236 (base 14) in base 15?
-1b53
Convert -2b9b (base 16) to base 7.
-44355
Convert -3131 (base 14) to base 11.
-6401
-2230 (base 7) to base 13
-49c
Convert -1053 (base 13) to base 14.
-b7b
38470 (base 9) to base 6
315530
328 (base 11) to base 5
3033
What is 78635 (base 10) in base 11?
54097
What is 101000 (base 3) in base 12?
1a6
9d9 (base 16) to base 3
10110101
What is -42b1 (base 13) in base 9?
-13640
Convert -8a8 (base 12) to base 14.
-676
Convert 210 (base 5) to base 16.
37
-3183 (base 9) to base 16
-927
What is -10db (base 15) in base 13?
-1826
Convert -57171 (base 8) to base 10.
-24185
-2102112 (base 3) to base 5
-24034
-184 (base 15) to base 4
-11131
Convert 172 (base 15) to base 8.
514
What is -1c4 (base 16) in base 3?
-121202
What is -1010111010010000 (base 2) in base 12?
-21a40
Convert -446 (base 7) to base 15.
-105
Convert -11000001110110 (base 2) to base 14.
-4742
What is -4112 (base 15) in base 7?
-55031
Convert 14d8 (base 14) to base 3.
12002201
What is 554 (base 9) in base 5?
3304
Convert -30230 (base 4) to base 11.
-679
Convert 1100 (base 12) to base 8.
3520
What is -300 (base 11) in base 15?
-193
1021 (base 9) to base 2
1011101100
35526 (base 9) to base 5
1230012
Convert 835 (base 9) to base 16.
2a8
-1134500 (base 6) to base 14
-178c4
What is -19 (base 11) in base 2?
-10100
122012 (base 3) to base 14
252
-11116 (base 7) to base 11
-2121
Convert 13301 (base 13) to base 12.
18778
-426025 (base 7) to base 6
-1331031
What is -86b (base 13) in base 15?
-661
-1462 (base 7) to base 5
-4313
-26508 (base 9) to base 8
-42765
Convert -162466 (base 7) to base 6.
-404451
What is -11212222 (base 3) in base 11?
-274a
16027 (base 8) to base 7
26652
What is 132 (base 7) in base 13?
57
Convert -1111 (base 7) to base 3.
-112211
What is -1118 (base 10) in base 16?
-45e
-310121 (base 4) to base 8
-6431
Convert -1c4b (base 16) to base 14.
-28d5
-623 (base 7) to base 11
-263
Convert 5664 (base 8) to base 4.
232310
ccd (base 16) to base 3
11111101
Convert 209 (base 12) to base 10.
297
Convert 268 (base 12) to base 8.
560
What is -390 (base 11) in base 7?
-1230
Convert 1615 (base 8) to base 4.
32031
97f (base 16) to base 10
2431
51e (base 15) to base 10
1154
Convert 1811 (base 12) to base 3.
10222011
-566 (base 13) to base 6
-4145
What is 5100 (base 6) in base 10?
1116
-23224 (base 5) to base 16
-699
Convert 12201 (base 3) to base 11.
130
What is 413223 (base 5) in base 7?
54354
110011011 (base 2) to base 7
1125
What is 3124 (base 7) in base 11?
907
43200 (base 8) to base 3
220202110
Convert -1cc5 (base 15) to base 4.
-1201310
2265 (base 11) to base 3
11002012
What is 13020 (base 5) in base 7?
2642
-3543 (base 10) to base 16
-dd7
Convert 1111001100000 (base 2) to base 15.
2486
Convert 35053 (base 7) to base 5.
241311
What is 216 (base 12) in base 11?
259
Convert -1b9 (base 15) to base 6.
-1503
What is -60471 (base 8) in base 12?
-124a1
What is 105413 (base 6) in base 16?
2331
Convert -a6b (base 13) to base 4.
-123303
-4ebd (base 15) to base 9
-25067
What is -302211 (base 5) in base 15?
-2d06
What is -22001 (base 4) in base 16?
-281
-100100001100010 (base 2) to base 10
-18530
-14441 (base 8) to base 14
-24b7
Convert 145a7 (base 13) to base 10.
38331
What is 1a604 (base 14) in base 15?
14ce1
Convert -2121000 (base 3) to base 4.
-131202
What is -26b7 (base 12) in base 5?
-120314
Convert -c5b (base 14) to base 7.
-10044
What is 5 (base 12) in base 2?
101
What is 276d (base 15) in base 3?
102120011
Convert -111010001011 (base 2) to base 16.
-e8b
-67 (base 13) to base 9
-104
Convert 10 (base 13) to base 3.
111
What is 340 (base 12) in base 5?
3410
-2701 (base 8) to base 13
-894
Convert 5e5e (base 15) to base 6.
233042
What is -52306 (base 7) in base 10?
-12844
What is 11001101011001 (base 2) in base 3?
200000212
Convert 100201 (base 3) to base 11.
219
3836 (base 13) to base 16
1f34
ac8 (base 15) to base 16
986
-2213 (base 7) to base 10
-794
What is -1930 (base 10) in base 12?
-114a
What is -2a7 (base 16) in base 4?
-22213
What is 1001011101 (base 2) in base 9?
742
Convert -15d (base 14) to base 5.
-2104
What is 1593 (base 10) in base 15?
713
Convert -8d6 (base 14) to base 10.
-1756
What is 1210100 (base 3) in base 9?
1710
-140 (base 13) to base 3
-22012
Convert 22652 (base 7) to base 16.
16bb
1069 (base 12) to base 8
3421
-1090 (base 13) to base 7
-6514
What is -324012 (base 6) in base 10?
-26792
-623 (base 7) to base 10
-311
What is -4001 (base 9) in base 11?
-2212
23918 (base 10) to base 15
7148
What is 21216 (base 7) in base 6?
40200
-3013404 (base 5) to base 8
-135553
Convert 1b7 (base 15) to base 7.
1105
-83 (base 11) to base 8
-133
Convert 16302 (base 8) to base 12.
4316
-152 (base 13) to base 8
-354
Convert 17882 (base 10) to base 2.
100010111011010
Convert 7302 (base 10) to base 16.
1c86
Convert -98 (base 12) to base 4.
-1310
What is b (base 12) in base 15?
b
What is 72e (base 16) in base 9?
2462
What is -614 (base 9) in base 6?
-2151
Convert -11001111101 (base 2) to base 13.
-9aa
-139b (base 12) to base 15
-a1e
11111111110110 (base 2) to base 14
5d78
Convert -10000001011101 (base 2) to base 14.
-303b
Convert 50 (base 8) to base 14.
2c
What is -22301 (base 6) in base 2?
-110000111101
Convert 14211 (base 5) to base 3.
1121202
a679 (base